is the remainder when d(-4) is divided by ((-9)/(-6) + -2)*-26?
11
Suppose 3*p + 13 = 64. Let x be -2 + (-3)/(2*(-3)/8). Suppose -19 + 153 = x*t. What is the remainder when t is divided by p?
16
Let s(z) = 17*z - 97. Calculate the remainder when 335 is divided by s(9).
55
Suppose 0 = -4*w + 29 - 17. Suppose -2*z - 8 = -w*z. Calculate the remainder when (-1)/(1/(-23) + 0) is divided by z.
7
Let u(o) = 70*o**2 - o. Let m be u(1). Suppose 0 = -5*w - 4*k + m, 0 = -5*w + 3*w + k + 38. Calculate the remainder when w is divided by 4.
1
Suppose -r = 2*q - 41, 4*q + 33 = r - 26. Suppose -2*m - 5*l = -1, -m = -2*l - l - 17. Calculate the remainder when r is divided by m.
7
Let z be (30 - (5 - 2)) + 3. Suppose 5*v + 300 = 5*g - 0*v, -g + z = 5*v. Calculate the remainder when g is divided by 14.
13
Let d = -45 - -74. Let r = d + -25. What is the remainder when 35 is divided by r?
3
Suppose o + 9*o = 40. Suppose 4*k - 4 = -5*j + 1, -5*k = o*j - 13. Calculate the remainder when 7 is divided by k.
2
Let j = 16 - 12. Suppose 2*k + h = 3*h, -j*h = k - 15. Suppose -5*i - 37 = -3*b, k*b - 5*i + 2*i - 33 = 0. What is the remainder when 33 is divided by b?
6
Suppose 1 = -3*l - 2*l + 4*c, 5*c - 5 = 5*l. Let j(k) = k**3 - 5 + 2 + k**2 - l*k**2 - 2*k. What is the remainder when 61 is divided by j(4)?
19
Suppose j = -j + 4*l + 90, -2*l - 98 = -2*j. Suppose 0 = -5*k + 24 - 49. Let f(c) = -7*c - 8. What is the remainder when j is divided by f(k)?
26
Let t be ((-15)/(-6))/(5/10). Suppose t - 2 = f. Suppose -46 = -f*q - v, -5*q - v = 8 - 84. What is the remainder when 59 is divided by q?
14
Let q be (-34)/4*2*-3. Suppose -2*c = -q - 29. Calculate the remainder when c is divided by (-4)/(-10) + 136/10.
12
Calculate the remainder when ((-15)/(-9))/(56/1176) is divided by 15.
5
Let i(v) = -v**2 + 3*v - 1. Let g be i(2). Suppose -5*m + 3 = 3*u, 3*m = 3*u - 28 + g. Calculate the remainder when 11 is divided by u.
5
Calculate the remainder when ((-186)/9 - -4)*42/(-5) is divided by 71.
69
Suppose 2*a = 6*a + 4*d + 132, 5*d = 3*a + 131. Let m = 13 - a. Calculate the remainder when m is divided by 21.
8
Suppose -39 = -v + 14. Suppose -6*s - 3 + 57 = 0. What is the remainder when v is divided by s?
8
Let y = -127 - -152. Let n = 39 + -25. What is the remainder when y is divided by n?
11
Let g = -529 - -545. What is the remainder when 119 is divided by g?
7
Let q(n) be the second derivative of n**4/12 - 3*n**3/2 + 3*n**2 - 17*n. Suppose 18 = -4*m + 78. Calculate the remainder when m is divided by q(9).
3
Suppose -22*m + 1449 = -15*m. Calculate the remainder when m is divided by 15.
12
Let z = 53 - 32. Let r(w) = 2*w**3 + 51*w**2 - 27*w + 3. What is the remainder when r(-26) is divided by z?
8
Calculate the remainder when (10/35)/(((-4)/(-406))/2) is divided by (1 + 19 - 1) + (-13)/(-13).
18
Let n(t) = 14*t**2 + 10*t + 13. Let d be n(-3). Suppose -221 - d = -6*b. Calculate the remainder when b is divided by 19.
17
Let q = -8 - -14. Calculate the remainder when (-700)/(-18) + (-44)/(-396) is divided by q.
3
Suppose -5*k + 7*k - 36 = 0. Suppose 0 = 4*r - 2*z - 128, 66 - k = 2*r - 5*z. Suppose -2*v + r - 6 = 0. Calculate the remainder when 25 is divided by v.
11
Let g = -5 - 3. Let i = 16 + g. What is the remainder when 46 is divided by i?
6
Let x = 9 - 4. Suppose -2*d = -5*o + 21, -x*o + 2 = 4*d - 1. Suppose 6 = 5*f + 3*q - 4*q, 5*q = 20. What is the remainder when o is divided by f?
1
Suppose -6*x + h = -x - 7, 2*x + h = 7. Let d be (-2 + -8)*x/(-4). Suppose 4*m + 20 = d*p - 43, -p + 3 = -4*m. Calculate the remainder when 58 is divided by p.
13
Let g(o) = o**3 + 11*o**2 + 12*o + 8. Let h be g(-9). Suppose 4*q - 2*c = 146, -h = -2*q - c + 17. What is the remainder when q is divided by 13?
12
Let z be 1/5 + 5605/(-25). Let c = -83 - z. Suppose u = 4*q - 2*u - c, q - 4*u - 19 = 0. What is the remainder when q is divided by 21?
18
Calculate the remainder when (27 - -1)/((-116)/(-1131)) is divided by 66.
9
Let p(t) = -2*t**2 + 88*t + 21. Calculate the remainder when p(44) is divided by 11.
10
Let z = 15 + 116. What is the remainder when z is divided by 15?
11
Let d = -41 + 45. Suppose 0 = -d*y + 150 + 10. Calculate the remainder when y is divided by 14.
12
Suppose 28 = d + s, 8*d - 5*s = 7*d + 28. Calculate the remainder when 391 is divided by d.
27
Let l be ((-7)/14)/((-1)/182). Let j = -41 + l. What is the remainder when j is divided by 11?
6
Suppose 0 = -5*b - 4*r - r + 95, -96 = -5*b - 4*r. Let k = 2456 + -2401. Calculate the remainder when k is divided by b.
15
Suppose -3*l + 5*g - 8 = 0, 2*g + 8 = 3*l + g. Suppose -4*y - 157 = -2*q - 491, l*q - 304 = -4*y. What is the remainder when y is divided by 17?
13
Suppose 95*k - 3225 = 20*k. What is the remainder when k is divided by 20?
3
Suppose 7*j - 480 = -3*j. Calculate the remainder when 209 is divided by j.
17
Let v be (-13)/(-52) + 51/4. Suppose 4*g - v = -2*b + 37, b - 50 = 3*g. What is the remainder when b is divided by 19?
16
Let i(t) = -7*t - 38. Suppose 3*x - 151 + 55 = 0. Calculate the remainder when x is divided by i(-7).
10
Suppose 4*q - v + 8 = 0, -3*q - 2*v = -4 - 1. Let t be -1 + (-3 + q)/(-1). Suppose 0 = t*w + 4 - 19. What is the remainder when 14 is divided by w?
4
Suppose -u - 5 = 4*a - 78, 0 = -5*a - 15. Let j = -12 + u. Calculate the remainder when j is divided by 15.
13
Let s(v) = -v**3 - 13*v**2 + 12*v - 13. Let c(k) = -27*k + 1. Let y be c(-1). Suppose 3*p = p - y. Calculate the remainder when 58 is divided by s(p).
13
Calculate the remainder when 127 is divided by 400/14 + 4 - 16/28.
31
Let b be 2/3 - 88/24. Let v be 1/b - (-8)/(-3). Calculate the remainder when ((-3)/v*37)/1 is divided by 13.
11
Let n = 415 - 259. Suppose -2*l - n = -458. Suppose l + 45 = 4*z. Calculate the remainder when z is divided by 26.
23
Let g = -23 + 60. Calculate the remainder when 331 is divided by g.
35
Suppose 7*z - 11*z + 152 = 0. Suppose z*d + 21 = 41*d. What is the remainder when 25 is divided by d?
4
Suppose 0 = -31*v + 26*v - 50. What is the remainder when 9/(-6) - 385/v is divided by 20?
17
Let w(r) = -r**2 - 13*r + 2. Let i be w(-13). Suppose 4*l - 98 = -2*k, i*l - k - 34 = k. Calculate the remainder when 107 is divided by l.
19
Let o(u) = 1. Let g(q) = -q - 5. Let c(b) = g(b) - 5*o(b). Let a be c(-7). Calculate the remainder when 88 is divided by ((-102)/(-14) + a)*7.
28
Let n(v) = -26*v - 79. Calculate the remainder when 306 is divided by n(-6).
75
Let f be -2 - (-2 - 2) - -88. Let z = f + -62. What is the remainder when 111 is divided by z?
27
Let d(b) = -11*b**2 - 195*b - 8. Calculate the remainder when d(-17) is divided by 41.
5
Suppose 6*d + 256 = 14*d. Calculate the remainder when 93 is divided by d.
29
What is the remainder when 65 is divided by (248/(-4))/(-2) - 4?
11
Calculate the remainder when 4500/144 - (-2)/(-8) is divided by 12.
7
Calculate the remainder when (-1274)/(-8) - 15/12 is divided by 8.
6
Suppose -g - g = 0. Suppose 5*u - 3*z = -57 + 257, -4*u - 2*z + 160 = g. Let v = -25 + u. Calculate the remainder when 54 is divided by v.
9
Let t = -349 + 384. What is the remainder when 344 is divided by t?
29
Suppose -30*x - 1148 = -58*x. What is the remainder when 78 is divided by x?
37
Suppose 132*j = 123*j + 90. Let f = 44 - 20. Calculate the remainder when f is divided by j.
4
Let p = -41 - -59. What is the remainder when 84 is divided by p?
12
Suppose -d - 2*m + 15 = 0, -3*d + 5*m + 19 = -70. What is the remainder when 45 is divided by d?
22
Let t = -490 + 181. Let p(q) = -7*q + 40. Calculate the remainder when t/(-9) - 2/(-3) is divided by p(4).
11
Suppose 588 = 7*r - 42. What is the remainder when r is divided by 58?
32
Suppose -15*w = -12498 + 2088. Calculate the remainder when w is divided by 24.
22
Let a(f) = f**3 + 18*f**2 + 17*f + 5. Let b be a(-17). Suppose -2*z + b*w = -18, 3*z + 2 = z - 5*w. Calculate the remainder when 5 is divided by z.
1
Let d = -517 + 555. Calculate the remainder when 43 is divided by d.
5
Let j(y) = -y - 1. Let i be j(-7). Suppose 4*c = i + 2. Calculate the remainder when 10 is divided by c.
0
Let g be ((-2)/(-3))/((-2)/57). What is the remainder when 0 + (-1 - g) - 3 is divided by (-2)/(-5) + 38/5?
7
Suppose 5*m + 345 = 5*n, -3*m + 150 = 2*n + m. What is the remainder when